{"id":89,"date":"2020-08-06T16:53:12","date_gmt":"2020-08-06T16:53:12","guid":{"rendered":"http:\/\/www.rivitopa.lt\/?page_id=89"},"modified":"2020-08-07T09:18:15","modified_gmt":"2020-08-07T09:18:15","slug":"terasu-ir-balkonu-stiklinimas","status":"publish","type":"page","link":"https:\/\/www.rivitopa.lt\/index.php\/terasu-ir-balkonu-stiklinimas\/","title":{"rendered":"Teras\u0173 ir balkon\u0173 stiklinimas"},"content":{"rendered":"\t\t<div data-elementor-type=\"wp-page\" data-elementor-id=\"89\" class=\"elementor elementor-89\">\n\t\t\t\t\t\t<section class=\"elementor-section elementor-top-section elementor-element elementor-element-f03e2c1 elementor-section-boxed elementor-section-height-default elementor-section-height-default\" data-id=\"f03e2c1\" data-element_type=\"section\" data-e-type=\"section\">\n\t\t\t\t\t\t<div class=\"elementor-container elementor-column-gap-default\">\n\t\t\t\t\t<div class=\"elementor-column elementor-col-50 elementor-top-column elementor-element elementor-element-581dde7\" data-id=\"581dde7\" data-element_type=\"column\" data-e-type=\"column\">\n\t\t\t<div class=\"elementor-widget-wrap elementor-element-populated\">\n\t\t\t\t\t\t<div class=\"elementor-element elementor-element-02c75d5 elementor-widget elementor-widget-image\" data-id=\"02c75d5\" data-element_type=\"widget\" data-e-type=\"widget\" data-widget_type=\"image.default\">\n\t\t\t\t<div class=\"elementor-widget-container\">\n\t\t\t\t\t\t\t\t\t\t\t\t\t\t\t<img fetchpriority=\"high\" decoding=\"async\" width=\"640\" height=\"853\" src=\"https:\/\/www.rivitopa.lt\/wp-content\/uploads\/2020\/08\/96378822_3090651654348991_5520309916381741056_o-1-768x1024.jpg\" class=\"attachment-large size-large wp-image-92\" alt=\"\" srcset=\"https:\/\/www.rivitopa.lt\/wp-content\/uploads\/2020\/08\/96378822_3090651654348991_5520309916381741056_o-1-768x1024.jpg 768w, https:\/\/www.rivitopa.lt\/wp-content\/uploads\/2020\/08\/96378822_3090651654348991_5520309916381741056_o-1-225x300.jpg 225w, https:\/\/www.rivitopa.lt\/wp-content\/uploads\/2020\/08\/96378822_3090651654348991_5520309916381741056_o-1-1152x1536.jpg 1152w, https:\/\/www.rivitopa.lt\/wp-content\/uploads\/2020\/08\/96378822_3090651654348991_5520309916381741056_o-1.jpg 1296w\" sizes=\"(max-width: 640px) 100vw, 640px\" \/>\t\t\t\t\t\t\t\t\t\t\t\t\t\t\t<\/div>\n\t\t\t\t<\/div>\n\t\t\t\t\t<\/div>\n\t\t<\/div>\n\t\t\t\t<div class=\"elementor-column elementor-col-50 elementor-top-column elementor-element elementor-element-786413a\" data-id=\"786413a\" data-element_type=\"column\" data-e-type=\"column\">\n\t\t\t<div class=\"elementor-widget-wrap elementor-element-populated\">\n\t\t\t\t\t\t<div class=\"elementor-element elementor-element-086cc3a elementor-widget elementor-widget-image\" data-id=\"086cc3a\" data-element_type=\"widget\" data-e-type=\"widget\" data-widget_type=\"image.default\">\n\t\t\t\t<div class=\"elementor-widget-container\">\n\t\t\t\t\t\t\t\t\t\t\t\t\t\t\t<img decoding=\"async\" width=\"640\" height=\"853\" src=\"https:\/\/www.rivitopa.lt\/wp-content\/uploads\/2020\/08\/96548746_3090650397682450_7072947809430798336_o-768x1024.jpg\" class=\"attachment-large size-large wp-image-91\" alt=\"\" srcset=\"https:\/\/www.rivitopa.lt\/wp-content\/uploads\/2020\/08\/96548746_3090650397682450_7072947809430798336_o-768x1024.jpg 768w, https:\/\/www.rivitopa.lt\/wp-content\/uploads\/2020\/08\/96548746_3090650397682450_7072947809430798336_o-225x300.jpg 225w, https:\/\/www.rivitopa.lt\/wp-content\/uploads\/2020\/08\/96548746_3090650397682450_7072947809430798336_o-1152x1536.jpg 1152w, https:\/\/www.rivitopa.lt\/wp-content\/uploads\/2020\/08\/96548746_3090650397682450_7072947809430798336_o.jpg 1296w\" sizes=\"(max-width: 640px) 100vw, 640px\" \/>\t\t\t\t\t\t\t\t\t\t\t\t\t\t\t<\/div>\n\t\t\t\t<\/div>\n\t\t\t\t\t<\/div>\n\t\t<\/div>\n\t\t\t\t\t<\/div>\n\t\t<\/section>\n\t\t\t\t<section class=\"elementor-section elementor-top-section elementor-element elementor-element-c884d06 elementor-section-boxed elementor-section-height-default elementor-section-height-default\" data-id=\"c884d06\" data-element_type=\"section\" data-e-type=\"section\">\n\t\t\t\t\t\t<div class=\"elementor-container elementor-column-gap-default\">\n\t\t\t\t\t<div class=\"elementor-column elementor-col-100 elementor-top-column elementor-element elementor-element-cb8be0f\" data-id=\"cb8be0f\" data-element_type=\"column\" data-e-type=\"column\">\n\t\t\t<div class=\"elementor-widget-wrap elementor-element-populated\">\n\t\t\t\t\t\t<div class=\"elementor-element elementor-element-0b62d81 elementor-widget elementor-widget-spacer\" data-id=\"0b62d81\" data-element_type=\"widget\" data-e-type=\"widget\" data-widget_type=\"spacer.default\">\n\t\t\t\t<div class=\"elementor-widget-container\">\n\t\t\t\t\t\t\t<div class=\"elementor-spacer\">\n\t\t\t<div class=\"elementor-spacer-inner\"><\/div>\n\t\t<\/div>\n\t\t\t\t\t\t<\/div>\n\t\t\t\t<\/div>\n\t\t\t\t\t<\/div>\n\t\t<\/div>\n\t\t\t\t\t<\/div>\n\t\t<\/section>\n\t\t\t\t<section class=\"elementor-section elementor-top-section elementor-element elementor-element-4b583b0 elementor-section-boxed elementor-section-height-default elementor-section-height-default\" data-id=\"4b583b0\" data-element_type=\"section\" data-e-type=\"section\">\n\t\t\t\t\t\t<div class=\"elementor-container elementor-column-gap-default\">\n\t\t\t\t\t<div class=\"elementor-column elementor-col-50 elementor-top-column elementor-element elementor-element-8fdfeb0\" data-id=\"8fdfeb0\" data-element_type=\"column\" data-e-type=\"column\">\n\t\t\t<div class=\"elementor-widget-wrap elementor-element-populated\">\n\t\t\t\t\t\t<div class=\"elementor-element elementor-element-f6865ba elementor-widget elementor-widget-heading\" data-id=\"f6865ba\" data-element_type=\"widget\" data-e-type=\"widget\" data-widget_type=\"heading.default\">\n\t\t\t\t<div class=\"elementor-widget-container\">\n\t\t\t\t\t<h2 class=\"elementor-heading-title elementor-size-default\"><span style=\"font-family: Arial, sans-serif;font-size: 40px;font-weight: 500;letter-spacing: normal;white-space: normal\">Teras\u0173 ir balkon\u0173 stiklinimas<\/span><\/h2>\t\t\t\t<\/div>\n\t\t\t\t<\/div>\n\t\t\t\t\t<\/div>\n\t\t<\/div>\n\t\t\t\t<div class=\"elementor-column elementor-col-50 elementor-top-column elementor-element elementor-element-a9f426d\" data-id=\"a9f426d\" data-element_type=\"column\" data-e-type=\"column\">\n\t\t\t<div class=\"elementor-widget-wrap elementor-element-populated\">\n\t\t\t\t\t\t<div class=\"elementor-element elementor-element-864ff7b elementor-widget elementor-widget-text-editor\" data-id=\"864ff7b\" data-element_type=\"widget\" data-e-type=\"widget\" data-widget_type=\"text-editor.default\">\n\t\t\t\t<div class=\"elementor-widget-container\">\n\t\t\t\t\t\t\t\t\t<p style=\"text-align: left;\"><span style=\"color: #000000; font-family: Arial, sans-serif; font-size: 18px; letter-spacing: wide; background-color: #fff;\">M\u0117gautis atvira terasa ar balkonu Lietuvoje da\u017enai tr\u016bksta gero oro, tod\u0117l j\u0173 \u012fstiklinimas puikus sprendimas. \u012estiklintoje terasoje ar balkone maloniai leisti laik\u0105 galima nepaisant oro permain\u0173. Ne veltui \u012fstiklinta terasa vadinama antr\u0105ja svetaine, kurioje malonu rytais pusry\u010diauti, pietums sus\u0117sti su \u0161eima prie bendro stalo, na ir \u017einoma, kur dar gali b\u016bti smagiau leisti vakarus su kaimynais ar sve\u010diais .<\/span><\/p>\t\t\t\t\t\t\t\t<\/div>\n\t\t\t\t<\/div>\n\t\t\t\t\t<\/div>\n\t\t<\/div>\n\t\t\t\t\t<\/div>\n\t\t<\/section>\n\t\t\t\t<section class=\"elementor-section elementor-top-section elementor-element elementor-element-446e7c68 elementor-section-content-bottom elementor-section-boxed elementor-section-height-default elementor-section-height-default\" data-id=\"446e7c68\" data-element_type=\"section\" data-e-type=\"section\">\n\t\t\t\t\t\t<div class=\"elementor-container elementor-column-gap-default\">\n\t\t\t\t\t<div class=\"elementor-column elementor-col-33 elementor-top-column elementor-element elementor-element-4735b921\" data-id=\"4735b921\" data-element_type=\"column\" data-e-type=\"column\">\n\t\t\t<div class=\"elementor-widget-wrap elementor-element-populated\">\n\t\t\t\t\t\t<div class=\"elementor-element elementor-element-ba58c5c elementor-widget elementor-widget-image\" data-id=\"ba58c5c\" data-element_type=\"widget\" data-e-type=\"widget\" data-widget_type=\"image.default\">\n\t\t\t\t<div class=\"elementor-widget-container\">\n\t\t\t\t\t\t\t\t\t\t\t\t\t\t\t<img decoding=\"async\" width=\"640\" height=\"809\" src=\"https:\/\/www.rivitopa.lt\/wp-content\/uploads\/2020\/08\/52426882_2188580497889449_5176828969265135616_n.jpg\" class=\"attachment-large size-large wp-image-97\" alt=\"\" srcset=\"https:\/\/www.rivitopa.lt\/wp-content\/uploads\/2020\/08\/52426882_2188580497889449_5176828969265135616_n.jpg 759w, https:\/\/www.rivitopa.lt\/wp-content\/uploads\/2020\/08\/52426882_2188580497889449_5176828969265135616_n-237x300.jpg 237w\" sizes=\"(max-width: 640px) 100vw, 640px\" \/>\t\t\t\t\t\t\t\t\t\t\t\t\t\t\t<\/div>\n\t\t\t\t<\/div>\n\t\t\t\t\t<\/div>\n\t\t<\/div>\n\t\t\t\t<div class=\"elementor-column elementor-col-33 elementor-top-column elementor-element elementor-element-400b97fb\" data-id=\"400b97fb\" data-element_type=\"column\" data-e-type=\"column\">\n\t\t\t<div class=\"elementor-widget-wrap elementor-element-populated\">\n\t\t\t\t\t\t<div class=\"elementor-element elementor-element-117d47d elementor-widget elementor-widget-image\" data-id=\"117d47d\" data-element_type=\"widget\" data-e-type=\"widget\" data-widget_type=\"image.default\">\n\t\t\t\t<div class=\"elementor-widget-container\">\n\t\t\t\t\t\t\t\t\t\t\t\t\t\t\t<img loading=\"lazy\" decoding=\"async\" width=\"640\" height=\"816\" src=\"https:\/\/www.rivitopa.lt\/wp-content\/uploads\/2020\/08\/52508078_2188580431222789_5328264194657615872_n.jpg\" class=\"attachment-large size-large wp-image-98\" alt=\"\" srcset=\"https:\/\/www.rivitopa.lt\/wp-content\/uploads\/2020\/08\/52508078_2188580431222789_5328264194657615872_n.jpg 753w, https:\/\/www.rivitopa.lt\/wp-content\/uploads\/2020\/08\/52508078_2188580431222789_5328264194657615872_n-235x300.jpg 235w\" sizes=\"(max-width: 640px) 100vw, 640px\" \/>\t\t\t\t\t\t\t\t\t\t\t\t\t\t\t<\/div>\n\t\t\t\t<\/div>\n\t\t\t\t\t<\/div>\n\t\t<\/div>\n\t\t\t\t<div class=\"elementor-column elementor-col-33 elementor-top-column elementor-element elementor-element-1bb4333b\" data-id=\"1bb4333b\" data-element_type=\"column\" data-e-type=\"column\">\n\t\t\t<div class=\"elementor-widget-wrap elementor-element-populated\">\n\t\t\t\t\t\t<div class=\"elementor-element elementor-element-4bcac4f elementor-widget elementor-widget-image\" data-id=\"4bcac4f\" data-element_type=\"widget\" data-e-type=\"widget\" data-widget_type=\"image.default\">\n\t\t\t\t<div class=\"elementor-widget-container\">\n\t\t\t\t\t\t\t\t\t\t\t\t\t\t\t<img loading=\"lazy\" decoding=\"async\" width=\"640\" height=\"804\" src=\"https:\/\/www.rivitopa.lt\/wp-content\/uploads\/2020\/08\/84033075_2875814389166053_769025039788933120_n.jpg\" class=\"attachment-large size-large wp-image-99\" alt=\"\" srcset=\"https:\/\/www.rivitopa.lt\/wp-content\/uploads\/2020\/08\/84033075_2875814389166053_769025039788933120_n.jpg 764w, https:\/\/www.rivitopa.lt\/wp-content\/uploads\/2020\/08\/84033075_2875814389166053_769025039788933120_n-239x300.jpg 239w\" sizes=\"(max-width: 640px) 100vw, 640px\" \/>\t\t\t\t\t\t\t\t\t\t\t\t\t\t\t<\/div>\n\t\t\t\t<\/div>\n\t\t\t\t\t<\/div>\n\t\t<\/div>\n\t\t\t\t\t<\/div>\n\t\t<\/section>\n\t\t\t\t<section class=\"elementor-section elementor-top-section elementor-element elementor-element-4900084f elementor-section-boxed elementor-section-height-default elementor-section-height-default\" data-id=\"4900084f\" data-element_type=\"section\" data-e-type=\"section\" data-settings=\"{&quot;background_background&quot;:&quot;classic&quot;}\">\n\t\t\t\t\t\t\t<div class=\"elementor-background-overlay\"><\/div>\n\t\t\t\t\t\t\t<div class=\"elementor-container elementor-column-gap-default\">\n\t\t\t\t\t<div class=\"elementor-column elementor-col-50 elementor-top-column elementor-element elementor-element-e3478ba\" data-id=\"e3478ba\" data-element_type=\"column\" data-e-type=\"column\">\n\t\t\t<div class=\"elementor-widget-wrap elementor-element-populated\">\n\t\t\t\t\t\t<div class=\"elementor-element elementor-element-f6e1e4b elementor-widget elementor-widget-image\" data-id=\"f6e1e4b\" data-element_type=\"widget\" data-e-type=\"widget\" data-widget_type=\"image.default\">\n\t\t\t\t<div class=\"elementor-widget-container\">\n\t\t\t\t\t\t\t\t\t\t\t\t\t\t\t<img loading=\"lazy\" decoding=\"async\" width=\"640\" height=\"274\" src=\"https:\/\/www.rivitopa.lt\/wp-content\/uploads\/2020\/08\/95144788_3066927676721389_6893663225817071616_n-768x329.jpg\" class=\"attachment-medium_large size-medium_large wp-image-94\" alt=\"\" srcset=\"https:\/\/www.rivitopa.lt\/wp-content\/uploads\/2020\/08\/95144788_3066927676721389_6893663225817071616_n-768x329.jpg 768w, https:\/\/www.rivitopa.lt\/wp-content\/uploads\/2020\/08\/95144788_3066927676721389_6893663225817071616_n-300x129.jpg 300w, https:\/\/www.rivitopa.lt\/wp-content\/uploads\/2020\/08\/95144788_3066927676721389_6893663225817071616_n.jpg 949w\" sizes=\"(max-width: 640px) 100vw, 640px\" \/>\t\t\t\t\t\t\t\t\t\t\t\t\t\t\t<\/div>\n\t\t\t\t<\/div>\n\t\t\t\t\t<\/div>\n\t\t<\/div>\n\t\t\t\t<div class=\"elementor-column elementor-col-50 elementor-top-column elementor-element elementor-element-1bb29c23\" data-id=\"1bb29c23\" data-element_type=\"column\" data-e-type=\"column\">\n\t\t\t<div class=\"elementor-widget-wrap elementor-element-populated\">\n\t\t\t\t\t\t<div class=\"elementor-element elementor-element-31e3558 elementor-widget elementor-widget-image\" data-id=\"31e3558\" data-element_type=\"widget\" data-e-type=\"widget\" data-widget_type=\"image.default\">\n\t\t\t\t<div class=\"elementor-widget-container\">\n\t\t\t\t\t\t\t\t\t\t\t\t\t\t\t<img loading=\"lazy\" decoding=\"async\" width=\"816\" height=\"353\" src=\"https:\/\/www.rivitopa.lt\/wp-content\/uploads\/2020\/08\/94883704_3066927750054715_7374907795868483584_n-2.jpg\" class=\"attachment-full size-full wp-image-175\" alt=\"\" srcset=\"https:\/\/www.rivitopa.lt\/wp-content\/uploads\/2020\/08\/94883704_3066927750054715_7374907795868483584_n-2.jpg 816w, https:\/\/www.rivitopa.lt\/wp-content\/uploads\/2020\/08\/94883704_3066927750054715_7374907795868483584_n-2-300x130.jpg 300w, https:\/\/www.rivitopa.lt\/wp-content\/uploads\/2020\/08\/94883704_3066927750054715_7374907795868483584_n-2-768x332.jpg 768w\" sizes=\"(max-width: 816px) 100vw, 816px\" \/>\t\t\t\t\t\t\t\t\t\t\t\t\t\t\t<\/div>\n\t\t\t\t<\/div>\n\t\t\t\t\t<\/div>\n\t\t<\/div>\n\t\t\t\t\t<\/div>\n\t\t<\/section>\n\t\t\t\t<section class=\"elementor-section elementor-top-section elementor-element elementor-element-7bd24e29 elementor-section-boxed elementor-section-height-default elementor-section-height-default\" data-id=\"7bd24e29\" data-element_type=\"section\" data-e-type=\"section\">\n\t\t\t\t\t\t<div class=\"elementor-container elementor-column-gap-default\">\n\t\t\t\t\t<div class=\"elementor-column elementor-col-100 elementor-top-column elementor-element elementor-element-66c20f47\" data-id=\"66c20f47\" data-element_type=\"column\" data-e-type=\"column\">\n\t\t\t<div class=\"elementor-widget-wrap\">\n\t\t\t\t\t\t\t<\/div>\n\t\t<\/div>\n\t\t\t\t\t<\/div>\n\t\t<\/section>\n\t\t\t\t<\/div>\n\t\t","protected":false},"excerpt":{"rendered":"<p>Teras\u0173 ir balkon\u0173 stiklinimas M\u0117gautis atvira terasa ar balkonu Lietuvoje da\u017enai tr\u016bksta gero oro, tod\u0117l j\u0173 \u012fstiklinimas puikus sprendimas. \u012estiklintoje terasoje ar balkone maloniai leisti laik\u0105 galima nepaisant oro permain\u0173. Ne veltui \u012fstiklinta terasa vadinama antr\u0105ja svetaine, kurioje malonu rytais pusry\u010diauti, pietums sus\u0117sti su \u0161eima prie bendro stalo, na ir \u017einoma, kur dar gali b\u016bti smagiau leisti vakarus su kaimynais ar sve\u010diais .<\/p>\n","protected":false},"author":1,"featured_media":0,"parent":0,"menu_order":2,"comment_status":"closed","ping_status":"closed","template":"","meta":{"footnotes":""},"class_list":["post-89","page","type-page","status-publish","hentry"],"yoast_head":"<!-- This site is optimized with the Yoast SEO plugin v27.6 - https:\/\/yoast.com\/product\/yoast-seo-wordpress\/ -->\n<title>Teras\u0173 ir balkon\u0173 stiklinimas - Rivitopa<\/title>\n<meta name=\"robots\" content=\"index, follow, max-snippet:-1, max-image-preview:large, max-video-preview:-1\" \/>\n<link rel=\"canonical\" href=\"https:\/\/www.rivitopa.lt\/index.php\/terasu-ir-balkonu-stiklinimas\/\" \/>\n<meta property=\"og:locale\" content=\"lt_LT\" \/>\n<meta property=\"og:type\" content=\"article\" \/>\n<meta property=\"og:title\" content=\"Teras\u0173 ir balkon\u0173 stiklinimas - Rivitopa\" \/>\n<meta property=\"og:description\" content=\"Teras\u0173 ir balkon\u0173 stiklinimas M\u0117gautis atvira terasa ar balkonu Lietuvoje da\u017enai tr\u016bksta gero oro, tod\u0117l j\u0173 \u012fstiklinimas puikus sprendimas. \u012estiklintoje terasoje ar balkone maloniai leisti laik\u0105 galima nepaisant oro permain\u0173. Ne veltui \u012fstiklinta terasa vadinama antr\u0105ja svetaine, kurioje malonu rytais pusry\u010diauti, pietums sus\u0117sti su \u0161eima prie bendro stalo, na ir \u017einoma, kur dar gali b\u016bti smagiau leisti vakarus su kaimynais ar sve\u010diais .\" \/>\n<meta property=\"og:url\" content=\"https:\/\/www.rivitopa.lt\/index.php\/terasu-ir-balkonu-stiklinimas\/\" \/>\n<meta property=\"og:site_name\" content=\"Rivitopa\" \/>\n<meta property=\"article:modified_time\" content=\"2020-08-07T09:18:15+00:00\" \/>\n<meta property=\"og:image\" content=\"https:\/\/www.rivitopa.lt\/wp-content\/uploads\/2020\/08\/96378822_3090651654348991_5520309916381741056_o-1-768x1024.jpg\" \/>\n<meta name=\"twitter:card\" content=\"summary_large_image\" \/>\n<script type=\"application\/ld+json\" class=\"yoast-schema-graph\">{\"@context\":\"https:\\\/\\\/schema.org\",\"@graph\":[{\"@type\":\"WebPage\",\"@id\":\"https:\\\/\\\/www.rivitopa.lt\\\/index.php\\\/terasu-ir-balkonu-stiklinimas\\\/\",\"url\":\"https:\\\/\\\/www.rivitopa.lt\\\/index.php\\\/terasu-ir-balkonu-stiklinimas\\\/\",\"name\":\"Teras\u0173 ir balkon\u0173 stiklinimas - Rivitopa\",\"isPartOf\":{\"@id\":\"https:\\\/\\\/www.rivitopa.lt\\\/#website\"},\"primaryImageOfPage\":{\"@id\":\"https:\\\/\\\/www.rivitopa.lt\\\/index.php\\\/terasu-ir-balkonu-stiklinimas\\\/#primaryimage\"},\"image\":{\"@id\":\"https:\\\/\\\/www.rivitopa.lt\\\/index.php\\\/terasu-ir-balkonu-stiklinimas\\\/#primaryimage\"},\"thumbnailUrl\":\"https:\\\/\\\/www.rivitopa.lt\\\/wp-content\\\/uploads\\\/2020\\\/08\\\/96378822_3090651654348991_5520309916381741056_o-1-768x1024.jpg\",\"datePublished\":\"2020-08-06T16:53:12+00:00\",\"dateModified\":\"2020-08-07T09:18:15+00:00\",\"breadcrumb\":{\"@id\":\"https:\\\/\\\/www.rivitopa.lt\\\/index.php\\\/terasu-ir-balkonu-stiklinimas\\\/#breadcrumb\"},\"inLanguage\":\"lt-LT\",\"potentialAction\":[{\"@type\":\"ReadAction\",\"target\":[\"https:\\\/\\\/www.rivitopa.lt\\\/index.php\\\/terasu-ir-balkonu-stiklinimas\\\/\"]}]},{\"@type\":\"ImageObject\",\"inLanguage\":\"lt-LT\",\"@id\":\"https:\\\/\\\/www.rivitopa.lt\\\/index.php\\\/terasu-ir-balkonu-stiklinimas\\\/#primaryimage\",\"url\":\"https:\\\/\\\/www.rivitopa.lt\\\/wp-content\\\/uploads\\\/2020\\\/08\\\/96378822_3090651654348991_5520309916381741056_o-1.jpg\",\"contentUrl\":\"https:\\\/\\\/www.rivitopa.lt\\\/wp-content\\\/uploads\\\/2020\\\/08\\\/96378822_3090651654348991_5520309916381741056_o-1.jpg\",\"width\":1296,\"height\":1728},{\"@type\":\"BreadcrumbList\",\"@id\":\"https:\\\/\\\/www.rivitopa.lt\\\/index.php\\\/terasu-ir-balkonu-stiklinimas\\\/#breadcrumb\",\"itemListElement\":[{\"@type\":\"ListItem\",\"position\":1,\"name\":\"Home\",\"item\":\"https:\\\/\\\/www.rivitopa.lt\\\/\"},{\"@type\":\"ListItem\",\"position\":2,\"name\":\"Teras\u0173 ir balkon\u0173 stiklinimas\"}]},{\"@type\":\"WebSite\",\"@id\":\"https:\\\/\\\/www.rivitopa.lt\\\/#website\",\"url\":\"https:\\\/\\\/www.rivitopa.lt\\\/\",\"name\":\"Rivitopa\",\"description\":\"\",\"publisher\":{\"@id\":\"https:\\\/\\\/www.rivitopa.lt\\\/#organization\"},\"potentialAction\":[{\"@type\":\"SearchAction\",\"target\":{\"@type\":\"EntryPoint\",\"urlTemplate\":\"https:\\\/\\\/www.rivitopa.lt\\\/?s={search_term_string}\"},\"query-input\":{\"@type\":\"PropertyValueSpecification\",\"valueRequired\":true,\"valueName\":\"search_term_string\"}}],\"inLanguage\":\"lt-LT\"},{\"@type\":\"Organization\",\"@id\":\"https:\\\/\\\/www.rivitopa.lt\\\/#organization\",\"name\":\"Rivitopa\",\"url\":\"https:\\\/\\\/www.rivitopa.lt\\\/\",\"logo\":{\"@type\":\"ImageObject\",\"inLanguage\":\"lt-LT\",\"@id\":\"https:\\\/\\\/www.rivitopa.lt\\\/#\\\/schema\\\/logo\\\/image\\\/\",\"url\":\"https:\\\/\\\/www.rivitopa.lt\\\/wp-content\\\/uploads\\\/2020\\\/08\\\/cropped-rvitipsa-2.png\",\"contentUrl\":\"https:\\\/\\\/www.rivitopa.lt\\\/wp-content\\\/uploads\\\/2020\\\/08\\\/cropped-rvitipsa-2.png\",\"width\":1067,\"height\":316,\"caption\":\"Rivitopa\"},\"image\":{\"@id\":\"https:\\\/\\\/www.rivitopa.lt\\\/#\\\/schema\\\/logo\\\/image\\\/\"}}]}<\/script>\n<!-- \/ Yoast SEO plugin. -->","yoast_head_json":{"title":"Teras\u0173 ir balkon\u0173 stiklinimas - Rivitopa","robots":{"index":"index","follow":"follow","max-snippet":"max-snippet:-1","max-image-preview":"max-image-preview:large","max-video-preview":"max-video-preview:-1"},"canonical":"https:\/\/www.rivitopa.lt\/index.php\/terasu-ir-balkonu-stiklinimas\/","og_locale":"lt_LT","og_type":"article","og_title":"Teras\u0173 ir balkon\u0173 stiklinimas - Rivitopa","og_description":"Teras\u0173 ir balkon\u0173 stiklinimas M\u0117gautis atvira terasa ar balkonu Lietuvoje da\u017enai tr\u016bksta gero oro, tod\u0117l j\u0173 \u012fstiklinimas puikus sprendimas. \u012estiklintoje terasoje ar balkone maloniai leisti laik\u0105 galima nepaisant oro permain\u0173. Ne veltui \u012fstiklinta terasa vadinama antr\u0105ja svetaine, kurioje malonu rytais pusry\u010diauti, pietums sus\u0117sti su \u0161eima prie bendro stalo, na ir \u017einoma, kur dar gali b\u016bti smagiau leisti vakarus su kaimynais ar sve\u010diais .","og_url":"https:\/\/www.rivitopa.lt\/index.php\/terasu-ir-balkonu-stiklinimas\/","og_site_name":"Rivitopa","article_modified_time":"2020-08-07T09:18:15+00:00","og_image":[{"url":"https:\/\/www.rivitopa.lt\/wp-content\/uploads\/2020\/08\/96378822_3090651654348991_5520309916381741056_o-1-768x1024.jpg","type":"","width":"","height":""}],"twitter_card":"summary_large_image","schema":{"@context":"https:\/\/schema.org","@graph":[{"@type":"WebPage","@id":"https:\/\/www.rivitopa.lt\/index.php\/terasu-ir-balkonu-stiklinimas\/","url":"https:\/\/www.rivitopa.lt\/index.php\/terasu-ir-balkonu-stiklinimas\/","name":"Teras\u0173 ir balkon\u0173 stiklinimas - Rivitopa","isPartOf":{"@id":"https:\/\/www.rivitopa.lt\/#website"},"primaryImageOfPage":{"@id":"https:\/\/www.rivitopa.lt\/index.php\/terasu-ir-balkonu-stiklinimas\/#primaryimage"},"image":{"@id":"https:\/\/www.rivitopa.lt\/index.php\/terasu-ir-balkonu-stiklinimas\/#primaryimage"},"thumbnailUrl":"https:\/\/www.rivitopa.lt\/wp-content\/uploads\/2020\/08\/96378822_3090651654348991_5520309916381741056_o-1-768x1024.jpg","datePublished":"2020-08-06T16:53:12+00:00","dateModified":"2020-08-07T09:18:15+00:00","breadcrumb":{"@id":"https:\/\/www.rivitopa.lt\/index.php\/terasu-ir-balkonu-stiklinimas\/#breadcrumb"},"inLanguage":"lt-LT","potentialAction":[{"@type":"ReadAction","target":["https:\/\/www.rivitopa.lt\/index.php\/terasu-ir-balkonu-stiklinimas\/"]}]},{"@type":"ImageObject","inLanguage":"lt-LT","@id":"https:\/\/www.rivitopa.lt\/index.php\/terasu-ir-balkonu-stiklinimas\/#primaryimage","url":"https:\/\/www.rivitopa.lt\/wp-content\/uploads\/2020\/08\/96378822_3090651654348991_5520309916381741056_o-1.jpg","contentUrl":"https:\/\/www.rivitopa.lt\/wp-content\/uploads\/2020\/08\/96378822_3090651654348991_5520309916381741056_o-1.jpg","width":1296,"height":1728},{"@type":"BreadcrumbList","@id":"https:\/\/www.rivitopa.lt\/index.php\/terasu-ir-balkonu-stiklinimas\/#breadcrumb","itemListElement":[{"@type":"ListItem","position":1,"name":"Home","item":"https:\/\/www.rivitopa.lt\/"},{"@type":"ListItem","position":2,"name":"Teras\u0173 ir balkon\u0173 stiklinimas"}]},{"@type":"WebSite","@id":"https:\/\/www.rivitopa.lt\/#website","url":"https:\/\/www.rivitopa.lt\/","name":"Rivitopa","description":"","publisher":{"@id":"https:\/\/www.rivitopa.lt\/#organization"},"potentialAction":[{"@type":"SearchAction","target":{"@type":"EntryPoint","urlTemplate":"https:\/\/www.rivitopa.lt\/?s={search_term_string}"},"query-input":{"@type":"PropertyValueSpecification","valueRequired":true,"valueName":"search_term_string"}}],"inLanguage":"lt-LT"},{"@type":"Organization","@id":"https:\/\/www.rivitopa.lt\/#organization","name":"Rivitopa","url":"https:\/\/www.rivitopa.lt\/","logo":{"@type":"ImageObject","inLanguage":"lt-LT","@id":"https:\/\/www.rivitopa.lt\/#\/schema\/logo\/image\/","url":"https:\/\/www.rivitopa.lt\/wp-content\/uploads\/2020\/08\/cropped-rvitipsa-2.png","contentUrl":"https:\/\/www.rivitopa.lt\/wp-content\/uploads\/2020\/08\/cropped-rvitipsa-2.png","width":1067,"height":316,"caption":"Rivitopa"},"image":{"@id":"https:\/\/www.rivitopa.lt\/#\/schema\/logo\/image\/"}}]}},"_links":{"self":[{"href":"https:\/\/www.rivitopa.lt\/index.php\/wp-json\/wp\/v2\/pages\/89","targetHints":{"allow":["GET"]}}],"collection":[{"href":"https:\/\/www.rivitopa.lt\/index.php\/wp-json\/wp\/v2\/pages"}],"about":[{"href":"https:\/\/www.rivitopa.lt\/index.php\/wp-json\/wp\/v2\/types\/page"}],"author":[{"embeddable":true,"href":"https:\/\/www.rivitopa.lt\/index.php\/wp-json\/wp\/v2\/users\/1"}],"replies":[{"embeddable":true,"href":"https:\/\/www.rivitopa.lt\/index.php\/wp-json\/wp\/v2\/comments?post=89"}],"version-history":[{"count":13,"href":"https:\/\/www.rivitopa.lt\/index.php\/wp-json\/wp\/v2\/pages\/89\/revisions"}],"predecessor-version":[{"id":229,"href":"https:\/\/www.rivitopa.lt\/index.php\/wp-json\/wp\/v2\/pages\/89\/revisions\/229"}],"wp:attachment":[{"href":"https:\/\/www.rivitopa.lt\/index.php\/wp-json\/wp\/v2\/media?parent=89"}],"curies":[{"name":"wp","href":"https:\/\/api.w.org\/{rel}","templated":true}]}}